er when i is divided by 20?
18
Let q be (-2*1)/((-10)/35). Let y be -1 - q*(-2 - -1). Calculate the remainder when 3/y*2*15 is divided by 8.
7
Suppose -2*a + 5*o = -24, -5*a - o + 51 = 18. Let h = -49 - -52. Calculate the remainder when a is divided by h.
1
Let a(f) = -f**2 + 3*f + 2. Let b be a(4). Let g = 3 + b. Suppose 3*z - 7*z + 12 = 0. What is the remainder when z is divided by g?
0
Let s = 1 + -2. Let f = 6 - 4. What is the remainder when 0 - (0 + s + -1) is divided by f?
0
Let f = -17 + 27. Let o be (2 - 1) + (-4)/2. What is the remainder when (-2)/(-2)*(o + 19) is divided by f?
8
Let l be 3 - (4 + (3 - 6)). Suppose -l*k + 3*w + 27 = 0, 5*k = -w - w + 77. Calculate the remainder when 42 is divided by k.
12
Let v(u) = 3*u + 9. Let a be v(-5). Let i(g) = -g + 6. Let o be i(-8). What is the remainder when 20 is divided by (-2 - 1)/(a/o)?
6
Let o be ((-2)/(-6))/((-5)/(-30)). Suppose 0 = -o*m - 2*v + v + 23, -2*m - 5*v = -27. What is the remainder when 31 is divided by m?
9
Suppose 5*u + s - 170 = 0, -8*s = -4*s. Calculate the remainder when u is divided by 10.
4
What is the remainder when 7/(1/(-12)*-4) is divided by 8?
5
Suppose -n - n = -48. What is the remainder when 45 is divided by n?
21
Let p = 53 + -17. What is the remainder when p is divided by 13?
10
Suppose -3*h + 54 = 9. Let c = 7 + -1. Suppose -x = -c*x + 215. Calculate the remainder when x is divided by h.
13
Suppose u + 69 = 4*u. Let f(y) = -y**3 + 8*y**2 + 9*y + 12. What is the remainder when u is divided by f(9)?
11
Calculate the remainder when (-2)/(3 + (-298)/98) is divided by 18.
13
Suppose -6*c + 3*c + 54 = 0. What is the remainder when c is divided by 12?
6
Suppose -22 = -4*b + 6. Suppose -2*p + b = -15. Calculate the remainder when p is divided by 4.
3
Suppose 0 = -3*p + 5*k + 58, p + 16 = 2*p - 5*k. What is the remainder when 82 is divided by p?
19
Suppose 2*z - 11 + 25 = 0. What is the remainder when 2/z - 396/(-14) is divided by 10?
8
Suppose z = 3*a - 3*z - 86, -125 = -5*a + 3*z. Calculate the remainder when a is divided by 6.
4
Let l(y) = y**3 + 11*y**2 + 21*y - 17. Let b = -5 - -31. What is the remainder when b is divided by l(-8)?
5
Suppose 8 = d - 0*z + 2*z, -4*z = 3*d - 26. Let u be 12/(-9)*15/10. Calculate the remainder when d is divided by (-1)/u - 14/(-4).
2
Let q = -53 + 132. Calculate the remainder when q is divided by 20.
19
Let a(t) = 9*t**2 - 2*t - 5. What is the remainder when a(-3) is divided by 21?
19
Let v(s) = -3*s**3 - 3*s**2 + 4*s**3 - 6 + 10*s**2 + 0*s - 2*s. What is the remainder when v(-4) is divided by 17?
16
Let i be 1/(((-3)/31)/(-3)). Suppose -k = 35 + i. Let r = k + 103. What is the remainder when r is divided by 19?
18
Let x = -23 + -40. Let l = -25 - x. Let y = l + -25. Calculate the remainder when 37 is divided by y.
11
Let d = 47 + -66. What is the remainder when (d/(-2))/((-6)/(-24)) is divided by 20?
18
Suppose 0 = -5*y + 6*y - 35. Calculate the remainder when y is divided by 18.
17
Calculate the remainder when 14*((-1 - -3) + 2) is divided by 15.
11
Let y = 29 + -25. Suppose y*a - 20 = 0, 0 = l - a - 7 - 1. Calculate the remainder when l is divided by 7.
6
Suppose u + 2*y = 9 + 26, 2*y - 80 = -2*u. Calculate the remainder when u is divided by 12.
9
Suppose -5*q = 1 - 211. Let j(s) = -s**3 - 6*s**2 - 3*s - 9. Calculate the remainder when q is divided by j(-6).
6
Let k be (-28)/6*(-9)/(-6). Let f(v) = v**3 + 8*v**2 + 5*v - 8. What is the remainder when f(k) is divided by 4?
2
Suppose 3*g - 2*g - 143 = 0. Calculate the remainder when g is divided by 29.
27
Calculate the remainder when 23 is divided by (8/3)/((-1)/(-3)).
7
Suppose 13*z = 12*z + 229. Calculate the remainder when z is divided by 29.
26
What is the remainder when 63 is divided by 6/(-15)*(-500)/8?
13
Suppose r + 3 = h, r + 11 = 3*h - 4*r. Let q(l) = -l + 2*l - 2 - h. What is the remainder when 5 is divided by q(7)?
2
Let t be ((-2)/(-4))/((-1)/(-4)). Suppose 24 = 3*f - 2*j, -2*f + 4*j + 16 = 2*j. What is the remainder when 12*1 + t + 1 is divided by f?
7
What is the remainder when 113 is divided by -1 - (0 - 60/2)?
26
Suppose c = -4*c - n + 32, -2*c - 4*n + 2 = 0. Let m = -17 + 36. Calculate the remainder when m is divided by c.
5
Calculate the remainder when -63*(2 + 28/(-12)) is divided by 4.
1
Suppose 2*d + 10 = 7*d. Suppose -3*t = 2*t + 30. What is the remainder when 11 is divided by t*(d + (-16)/6)?
3
Let t = 25 - 17. Suppose -t = -5*c + 32. What is the remainder when 31 is divided by c?
7
Let w(i) = i**2 - 7*i - 51. What is the remainder when 106 is divided by w(13)?
25
Let c(s) = -s**2 - 13*s + 4. Let r be c(-9). Suppose 3*k - 26 = -y, -y = 4*k + 10 - r. Calculate the remainder when 25 is divided by y.
11
Let t = -11 + 15. What is the remainder when 15 is divided by t?
3
Let d(n) = -3*n**3 - 8*n**2 - 9*n + 5. Let q(j) = 7*j**3 + 15*j**2 + 18*j - 11. Let r(x) = 5*d(x) + 2*q(x). Calculate the remainder when 4 is divided by r(-9).
1
Suppose -y + 5*y - 5*g = 50, 2*y + 2*g = 16. Calculate the remainder when 87 is divided by y.
7
Suppose 2*m = 3*n + 2*n - 101, -2*m = -4. Calculate the remainder when n is divided by 11.
10
Suppose m - 1 = -5*n, n - 2*m = 3*m - 5. Suppose 110 = -n*t + 5*t. Calculate the remainder when t is divided by 12.
10
Let c(b) = 15*b**3 - 2*b + 6. Calculate the remainder when c(2) is divided by 31.
29
What is the remainder when 48 is divided by (-90)/(-35)*(-56)/(-6) + 1?
23
Let n(v) = 2*v**2 + 27*v - 32. Let c(u) = u**2 + 13*u - 16. Let y(p) = -5*c(p) + 2*n(p). What is the remainder when 89/3 + 1/3 is divided by y(-11)?
14
Let g(f) be the third derivative of -3*f**4/8 - 2*f**2. Let t be g(-2). Calculate the remainder when 16/(-72) - (-634)/t is divided by 12.
11
Suppose 41 = 3*f - 16. Suppose 0*u - f = -u. What is the remainder when 36 is divided by u?
17
Let q(d) = 2*d**2 + d - 1. Let v be q(-2). Let c = v + 0. Calculate the remainder when c is divided by 4.
1
Suppose -2*z + 13 + 7 = 0. Calculate the remainder when 59 is divided by z.
9
Let t be 9/(-36) + 21/4. Suppose -t*q = -4*u - 24, 2*q - 8 = q + 4*u. What is the remainder when 5 is divided by q?
1
Suppose 0 = t - 4*k - 270, -5*t + 10*t + k - 1287 = 0. What is the remainder when t is divided by 37?
36
Let k(o) = -7 + 2*o**3 - 5*o**3 + 2*o**3 + 3*o + 9*o**2 - 3*o**2. Calculate the remainder when ((-20)/6)/(3/(-18)) is divided by k(6).
9
Suppose 4*v = -8, -5*y + 200 = -4*v + 17. What is the remainder when y is divided by 19?
16
Suppose 2*q = -2*q - 40. What is the remainder when 29 is divided by (13 + q)*16/6?
5
Let l be ((-30)/(-4))/((-12)/112). Let s = -50 - l. What is the remainder when 77 is divided by s?
17
Let k = 2 - 6. Let x = -2 - k. Let y = 4 + -2. Calculate the remainder when y is divided by x.
0
Let q = 6 - 4. Suppose 28 = -q*r + 226. What is the remainder when r is divided by 34?
31
Suppose 6*f - 10 = 4*f. Suppose 2*z - 66 = 4*w, f*w - 42 = -2*z + w. Calculate the remainder when 52 is divided by z.
25
Let r(c) = 12*c**2 - c - 2. Let s be r(-2). Suppose -2*h + s = -0*h. Suppose 2*u = 34 + h. Calculate the remainder when u is divided by 10.
9
Suppose 0 = 5*d + 3*a - 233, -d - 3*a + 41 = -a. Let f(j) = 2*j**2 - j + 2. Let n = 8 + -5. Calculate the remainder when d is divided by f(n).
15
Suppose -5*l + 8*q = 3*q - 560, 0 = -5*q. Calculate the remainder when l is divided by 38.
36
Let y(j) = -2*j + 4. Let d(c) = c + 1. Let i(k) = 3*d(k) + y(k). Calculate the remainder when i(5) is divided by 7.
5
Suppose 0 = k - 0*k - 13. What is the remainder when k is divided by 5?
3
Let f = 25 - 22. Suppose -4*u + 10 = -f*u. What is the remainder when u is divided by 4?
2
Let d = -4 + 8. Let w = d - 2. What is the remainder when 10/4*4/w is divided by 2?
1
Suppose -32 = -4*m + u, -8*m + 32 = -4*m - 2*u. Let a = 23 - 1. What is the remainder when a is divided by m?
6
Suppose -2 = -t - 6. Calculate the remainder when 56 is divided by t/14 - (-856)/56.
11
Let y = 92 + -79. Suppose 3*d - 125 = -5*q, -4 = -3*q + 2*q. Let h = d + 3. Calculate the remainder when h is divided by y.
12
Suppose -94 = -4*r + 14. Suppose 3*w + 2*i - r = -2*w, 4*w - 4*i = 16. What is the remainder when 9 is divided by w?
4
Let r = 11 + -8. Let v = 11 - 7. Suppose h + 4*j - 47 = -v*h, -12 = -4*j. What is the remainder when h 